.
6
Calculate the highest common factor of 1717958 and 3410.
682
What is the highest common divisor of 2073 and 92079?
3
What is the greatest common divisor of 20 and 321995?
5
What is the greatest common divisor of 154119730 and 878?
878
What is the highest common factor of 104495542 and 318?
106
Calculate the highest common factor of 26858744 and 74.
74
What is the greatest common divisor of 93965424 and 576?
48
Calculate the highest common divisor of 69422 and 1011.
337
Calculate the highest common divisor of 9 and 836098353.
9
Calculate the greatest common factor of 180 and 246988380.
60
What is the greatest common factor of 50842561 and 154?
77
Calculate the highest common divisor of 25308 and 1204239.
2109
Calculate the highest common factor of 69937429 and 1336.
167
Calculate the highest common factor of 1274046 and 427.
61
What is the greatest common factor of 46608344 and 856?
856
What is the highest common factor of 1381975 and 96725?
1325
What is the greatest common divisor of 1228586 and 4?
2
Calculate the greatest common divisor of 2916 and 33192.
36
What is the greatest common divisor of 685179296 and 32?
32
What is the highest common factor of 264 and 359476392?
264
What is the highest common factor of 1380692 and 3700?
148
Calculate the highest common factor of 732 and 2945178.
6
What is the highest common divisor of 18 and 693513?
9
What is the highest common divisor of 9339 and 627462?
33
Calculate the greatest common factor of 77431846 and 1058.
1058
Calculate the greatest common divisor of 29539 and 1071361.
109
What is the highest common divisor of 1307680 and 70?
10
Calculate the highest common factor of 69822 and 44742.
6
What is the greatest common factor of 3799943224 and 1232?
616
Calculate the highest common divisor of 170461 and 27602.
373
Calculate the highest common divisor of 1819734 and 42567.
21
What is the greatest common divisor of 1052 and 581606090?
526
Calculate the greatest common factor of 1239497 and 98875.
791
Calculate the highest common divisor of 20999 and 615043.
253
Calculate the highest common divisor of 24208975 and 10150.
175
Calculate the greatest common divisor of 44561 and 251437468.
4051
What is the highest common divisor of 11508 and 4494756?
84
What is the greatest common divisor of 20817 and 17955819?
2313
Calculate the greatest common divisor of 310860 and 25431174.
2826
What is the greatest common divisor of 9118956 and 294?
42
What is the greatest common divisor of 293040452 and 4?
4
Calculate the greatest common divisor of 1032330560 and 3008.
3008
What is the greatest common factor of 11471553 and 27?
9
What is the greatest common factor of 51487960 and 15?
5
What is the greatest common divisor of 226733587 and 202?
101
Calculate the greatest common divisor of 612 and 159336.
36
What is the highest common factor of 112852 and 759532?
1268
What is the highest common factor of 265848991 and 73?
73
What is the greatest common divisor of 824 and 84428276?
412
Calculate the greatest common factor of 289375 and 155105.
2315
What is the highest common divisor of 1107007 and 3925?
157
What is the highest common factor of 28724479 and 3556?
889
What is the highest common factor of 1106089 and 48785?
887
Calculate the greatest common divisor of 54 and 13125339.
9
Calculate the highest common factor of 42364228 and 6944.
124
Calculate the highest common divisor of 152096 and 504.
56
Calculate the highest common factor of 15378 and 1242406.
22
What is the highest common factor of 290296882 and 4924?
2462
What is the highest common factor of 332366 and 358?
2
What is the greatest common factor of 3937598 and 6554?
226
Calculate the highest common divisor of 56 and 14433076.
28
What is the highest common factor of 31333943 and 398?
199
What is the highest common factor of 3 and 1318677?
3
What is the greatest common factor of 19481 and 137977?
161
Calculate the greatest common factor of 99 and 57071367.
9
What is the highest common factor of 82446712 and 64?
8
What is the greatest common divisor of 937918 and 31342852?
9106
What is the greatest common divisor of 69141585 and 2190?
1095
Calculate the greatest common divisor of 4697792 and 528.
176
What is the greatest common factor of 121509850 and 6?
2
What is the greatest common factor of 661626510 and 2823?
2823
What is the highest common factor of 13615 and 14782?
389
What is the greatest common factor of 864 and 45778392?
216
What is the greatest common factor of 320418 and 5194?
14
Calculate the highest common factor of 122671 and 1672315.
61
What is the highest common factor of 1850 and 414625?
25
Calculate the greatest common factor of 16013 and 2206687.
239
What is the greatest common divisor of 774210 and 56330?
1310
What is the highest common divisor of 891681545 and 355?
355
What is the highest common factor of 13523275 and 31075?
2825
Calculate the greatest common factor of 19 and 119014.
1
Calculate the greatest common factor of 1318 and 36122426.
1318
Calculate the greatest common divisor of 54 and 345206178.
54
What is the highest common factor of 106 and 25645216?
106
What is the highest common factor of 29828200 and 566?
566
What is the highest common factor of 140305 and 3080?
55
What is the greatest common factor of 2466 and 31365?
9
Calculate the highest common factor of 1175801 and 833305.
1529
What is the greatest common divisor of 1596630 and 8148?
42
What is the greatest common factor of 2091290 and 47270?
1630
What is the highest common divisor of 1851 and 30416866?
617
What is the greatest common factor of 7851187 and 2334?
389
What is the greatest common factor of 104448 and 6621024?
1632
Calculate the highest common factor of 552950 and 1190.
10
Calculate the greatest common divisor of 3880098 and 126.
18
What is the highest common factor of 253884112 and 23978?
1262
Calculate the greatest common divisor of 385 and 1346807.
77
What is the highest common divisor of 46258 and 1040098?
202
What is the highest common factor of 50246504 and 14?
14
What is the greatest common divisor of 19072202 and 9876?
1646
What is the highest common divisor of 145681055 and 65?
65
Calculate the greatest common factor of 99186 and 2768912.
122
What is the greatest common factor of 45 and 110935?
5
Calculate the highest common factor of 288964 and 2548.
52
Calculate the highest common divisor of 216476860 and 20.
20
What is the greatest common divisor of 2574110 and 6465362?
6686
What is the greatest common factor of 1398 and 63952209?
699
What is the highest common divisor of 129360864 and 192?
96
Calculate the highest common divisor of 4993 and 2099.
1
Calculate the highest common factor of 1520033 and 92426.
1249
Calculate the greatest common divisor of 5635 and 75344458.
1127
Calculate the highest common factor of 214086 and 11047298.
2302
What is the greatest common factor of 1013156 and 126844?
76
What is the greatest common divisor of 393433 and 589?
19
Calculate the greatest common divisor of 2915643120 and 11505.
11505
What is the greatest common divisor of 1263028 and 26108?
428
What is the highest common factor of 310 and 32278860?
10
What is the highest common divisor of 40612319 and 23?
23
What is the highest common factor of 133416978 and 4771?
367
What is the highest common divisor of 6045 and 278421?
39
What is the highest common factor of 19800 and 2334970?
110
What is the highest common divisor of 1137 and 87522091?
379
What is the highest common divisor of 2278673 and 1461?
487
Calculate the highest common factor of 177501227 and 664.
83
What is the highest common divisor of 8776940 and 4880?
20
Calculate the highest common factor of 146875 and 332995.
235
What is the greatest common divisor of 43470 and 668115?
945
Calculate the greatest common divisor of 15120 and 24904530.
1890
Calculate the highest common factor of 78530 and 14930.
10
Calculate the greatest common factor of 471831994 and 526.
526
Calculate the highest common factor of 1695 and 3160.
5
Calculate the highest common factor of 8372 and 6706271.
299
What is the highest common factor of 11098 and 85126?
62
What is the greatest common divisor of 29931219 and 261?
261
Calculate the greatest common divisor of 2113525 and 7225.
425
Calculate the greatest 